24 - -28. What is the hundreds digit of r(f)?
1
Let x = -345 + 525. What is the hundreds digit of x?
1
Let r be 35/14*(-1 + 27). Let o be (-4)/22 + 31/(-11). Let f = r - o. What is the tens digit of f?
6
Let f = 1 - -5. What is the tens digit of (-6)/18 + 188/f?
3
Suppose 8*x - 5*x = 0. Let j(a) = -a + 5. Let c be j(x). Suppose 2*f + c*l = 3*f - 37, 4*f = -5*l + 198. What is the units digit of f?
7
Let a = 35 - 32. Let k(c) = -a*c + 32 - 4*c + 3*c - 8. What is the units digit of k(-9)?
0
Suppose -52*b + 7*b = -105750. What is the hundreds digit of b?
3
Let h be (-5)/(15/6) + 0 + 7. Let p(t) = 10*t + 1. What is the units digit of p(h)?
1
Suppose 3*b - 4 = 8. Suppose -186 = -2*i - b*i. What is the units digit of i?
1
Let o(w) = -2*w**3 - 48*w**2 - 10*w + 7. What is the units digit of o(-24)?
7
Suppose 0 = -4*r + 98 + 66. Suppose -42*u + 56 = -r*u. What is the units digit of u?
6
Let b(w) = 967*w**3 + 6*w**2 - 7*w + 1. What is the hundreds digit of b(1)?
9
Suppose -15 = -r - 4*r, 0 = b + 4*r - 49. Let t = b + 14. Suppose -t = 5*o - 166. What is the units digit of o?
3
Let o be (4 + (-13)/2)*-2. Suppose c = 6 - o. What is the tens digit of -15*c*(-4)/3?
2
Suppose -3*i + 8 = -8*i - 4*b, -b = -i - 7. Let q = -1 - i. Suppose r = 2 + q. What is the units digit of r?
5
Let r(g) = g**3 + 37*g**2 + 105*g + 59. What is the hundreds digit of r(-32)?
8
Let w be 2/(-4) - (-1041)/6. Let f be w/(-4) - (-33)/(-44). Let m = f + 90. What is the units digit of m?
6
Let g(b) = 75*b. What is the tens digit of g(2)?
5
Let n(b) = 19*b + 18. Let c be n(10). Suppose -2*m = 4*f - c, 2*m + 2*f + 77 = 289. What is the units digit of m?
8
Let i(h) = -32*h - 332. What is the tens digit of i(-27)?
3
Let f be (3 + -1)*(-12)/(-24). Let w = 2 + f. What is the units digit of w?
3
Suppose 0 = 3*s + 5*y - 6, s + 4*s - 4*y - 47 = 0. Suppose -16 = -p + 5*j, s = 2*p - 5*j - 5. What is the tens digit of (p/((-12)/(-147)))/(-1)?
4
Suppose 181*w - 19455 = 166*w. What is the units digit of w?
7
Let d be 1 + (-21)/(-6) + 6/(-4). Suppose t - 7 = -4. Suppose t*y = c - 26, d*c - 3*y - 62 = -2*y. What is the units digit of c?
0
Let q = 22 + -29. Let s(l) = l**3 + 7*l**2 - 8*l - 3. What is the units digit of s(q)?
3
Let o(x) = 2*x**3 - 13*x**2 - 11*x + 1. Let w be 6/4*(-208)/(-39). What is the units digit of o(w)?
5
Let j(p) = -p**3 + 19*p**2 + 15*p - 307. What is the tens digit of j(18)?
8
Let o = 6983 + -4778. What is the units digit of o?
5
Let c = -106 - -468. Let s = c + -114. What is the units digit of s?
8
Let r(p) = -2*p**3 + 19*p**2 + 13*p + 25. Let v(i) = i**3 + 1. Let l(g) = r(g) + 3*v(g). What is the tens digit of l(-18)?
1
Let b(c) = -4*c**2 + c**3 + 11*c**2 - 2*c + 12 - c**2. What is the units digit of b(-5)?
7
Suppose 3*w - 1 = 5. Suppose -5*y + w*y = 0. Suppose -2*r + 5*z + 16 = y, -4*z - z = 5*r - 5. What is the units digit of r?
3
Let u(i) = 4*i**3 + i**2 - i. Let s be u(1). Let b be (s - (-2)/2)*5. Let f = b - 9. What is the units digit of f?
6
Let l = 32 + -29. Suppose -l*z = 4*a - 49, 0 = 5*z - 3*a - 54 + 11. What is the units digit of z?
1
Let l(g) = -g**3 - 18*g**2 - g - 16. Let k be l(-18). What is the units digit of 6459/27 - k/9?
9
Suppose 4*o + 506 = -m, 2*o = -2*m - 3*o - 1012. Let p = -334 - m. What is the units digit of p?
2
Suppose -521 = -g - 43. What is the tens digit of g?
7
Suppose j + 3*w + 92 = 20, -3*w = 4*j + 324. Let m = -49 - j. What is the units digit of m?
5
What is the units digit of (6/(-4))/(13/(-3510))?
5
Let w(i) = -i**2 + 5*i + 1875. What is the hundreds digit of w(0)?
8
Let t be (-5)/(-10)*(2 + -6) + 5. Suppose 5*o + 382 - 75 = 3*b, -2*b + 205 = -t*o. What is the tens digit of b?
0
Suppose -2*s - 1 = -3*h + 19, 4*s - 5*h = -36. What is the units digit of 45 - (s + (-6)/(-3))?
7
Suppose -2*z - 5*b = -27, -b - 5 = -3*z + 10. Let y(k) = 5*k**2 - 10 + z*k + 4*k**2 + 3*k**3 - 2*k**3 + 0*k**3. What is the units digit of y(-7)?
6
Let p be 232/(-12)*(-2 - 1)*-1. Let v = -15 - p. What is the tens digit of v?
4
Let f(k) = -k**3 - 4*k + 382. What is the hundreds digit of f(0)?
3
Let r(y) = 2*y + 18. Let f be r(-12). Let s = -1 - f. Suppose -s*n = 2 - 52. What is the units digit of n?
0
Let t = -9 - -13. Suppose 0 = -35*i + 5*i - 870. What is the units digit of 0 - i*t/4?
9
Let d(q) be the third derivative of -13*q**4/24 - q**3/3 - q**2. Let j(h) = -h**2 - 3*h - 5. Let z be j(-2). What is the tens digit of d(z)?
3
What is the units digit of ((-87)/(-12) - -1)/((-20)/(-2320))?
7
Let d(r) = r**3 - 12*r**2 - 20*r + 7. Let i be d(18). Suppose -i = 5*o - 10*o + 3*a, -5*a = 2*o - 655. What is the units digit of o?
0
Suppose 4*m = -7*j + 6*j + 1003, -5*m - 5*j + 1265 = 0. What is the hundreds digit of m?
2
Suppose -3*n + 2*i = -380, 2*i = -5*n + 384 + 244. What is the units digit of n?
6
Let r(t) = -2*t**2 - 35*t - 39. What is the units digit of r(-15)?
6
Let s(u) = -50*u**3 + 3*u**2 + 4*u - 11. What is the thousands digit of s(-3)?
1
Suppose z = 3*z - 5740. Suppose -18*d = -z - 622. What is the units digit of d?
4
Let t be 17/2 - ((-26)/(-4) - 6). Suppose 0 = y - g - 0 - t, -5*y - 5*g + 90 = 0. What is the tens digit of y?
1
Suppose 2*s = -5*m + 176, -4*m - 182 - 59 = -3*s. Let w = -35 + 8. Let f = w + s. What is the tens digit of f?
5
Let j(r) = -3*r**3 + r + 2. Let f be j(-1). Suppose 0 = 2*c + f, 3*d - 2*c = 4*d + 2. Suppose 0 = -o + 4*s + 32, d*s + 10 + 0 = 0. What is the tens digit of o?
1
Suppose -6*r + 8*r = 4. Suppose -f = 4*t - 91, 3*t + 48 = 5*t - r*f. What is the tens digit of t?
2
Let z = 1605 + -84. What is the units digit of z?
1
Let p be (9/(-9))/((-2)/(-4)). What is the units digit of (p + 17)/(-3) + 232?
7
Suppose -6*j = -7960 - 5156. What is the thousands digit of j?
2
Let x = -36 + 39. Suppose -5*y + 295 = x*d + 2*d, 0 = 5*y + 4*d - 297. What is the units digit of y?
1
Let m(v) = -10*v**3 + 9*v**2 + 20*v - 16. What is the units digit of m(-7)?
5
What is the tens digit of (276 - 4) + 6 - 6?
7
Suppose 2*m - 5 = j, -4*m = -5*m + 2. Let x = 3 + j. What is the tens digit of 94/6 + x/6?
1
Let s be (-141)/(3 + (-50)/15). Suppose -4*f = 43 - s. What is the tens digit of f?
9
Let r be -86 + 4 + 2*-1. Let t be r/18*(-12)/14. Suppose t*k - 52 = -0. What is the units digit of k?
3
Suppose 3*j = 1003 - 79. Suppose -4*v - 16 = -4*n - 324, -3*n = -4*v + j. What is the units digit of v?
7
Let q(k) = k**3 + 6*k**2 - 12*k + 24. Let w be q(-8). What is the tens digit of (w - 9)*(0 + 8/(-2))?
6
Let x = 13 + -10. Suppose x*t - 13 = 8. Suppose -4*g - 11 = -4*a - g, 4*a + g = t. What is the units digit of a?
2
Let c be (-24)/64 + (-207)/24. Let g = c - -17. What is the units digit of g?
8
Let o(q) be the second derivative of q**2 + 0 + 3/2*q**3 - 9*q. What is the tens digit of o(5)?
4
Suppose 0 = -m + 1, -5*m + 309 = 4*r - 4*m. Suppose -r = -2*q + 131. What is the units digit of q?
4
What is the units digit of -7 + (0/(-1) - -445)?
8
Let d be -1 + (-465)/5 + 3. Let k = -2 - d. Let q = k - 49. What is the tens digit of q?
4
Suppose -l + 142 = -184. What is the units digit of l?
6
Suppose -n - 793 + 2608 = 4*a, 0 = 3*n - 2*a - 5473. What is the tens digit of n?
2
Suppose -h = -3, -5*d + 4*d + 14 = 3*h. Suppose 167 = 5*f - d*w - 133, 2*f - 118 = 3*w. What is the tens digit of f?
6
Let f(a) = -2*a**2. Let q be f(1). Let p be (q/(6/(-33)))/1. Let y = p - 8. What is the units digit of y?
3
What is the hundreds digit of 517 + (7 + -3 - 9)?
5
Let s(u) = 9*u**2 - 1. Let j be s(1). Let r be (-2)/j + 9/4. Suppose 64 = -r*a + 4*a. What is the units digit of a?
2
Suppose -3*f + 129 = 5*s, 2*f - s - 25 = 74. Suppose 0*m - 3*m = -3*p - 219, 5*m - 3*p = 359. Let k = m - f. What is the tens digit of k?
2
Suppose 0 = 2*o + 4*b - 74, -3*o - 23 + 98 = -3*b. Suppose -2*w + 3*w + 18 = 0. Let y = o + w. What is the tens digit of y?
1
Let r(g) = -g**2 + 11*g + 7. Let m(s) = s + 2. Let p be m(10). Let b = p - 2. What is the tens digit of r(b)?
1
Let a(d) = -2*d**3 + 2*d**2 - 1. Let i be a(-1). What is the units digit of 2/(-3)*(-13 - 3)*i?
2
Let m = 961 + 579. What is the units digit of m?
0
Let y = 229 + 113. What is the units digit of y?
2
What is the units digit of (-1 - -3) + 645 + 4 + -4?
7
Suppose -5*r + 0*r - 2*n + 62 = 0, -2*r + 4*n = -20. Suppose -126 = -r*h + 11*h. What is the